) = l + 3. Determine d(u).
7
Let b = -87 - -287. Suppose -3 + 403 = -4*i + 2*v, 2*i - 2*v + b = 0. Let t = 100 + i. Let k(x) = x**2 + 5. Calculate k(t).
5
Let h(g) = -g**3 + 10*g**2 + 19*g - 90. Let z(p) = -p**3 - 28*p**2 + 97*p + 135. Let s be z(-31). Give h(s).
-2
Let s(p) = -40*p + 41. Let j be s(2). Let o be 3/j - (-105)/13. Let b(m) = -m**2 + 7*m + 1. Determine b(o).
-7
Let z(n) be the second derivative of -3/2*n**3 + 3*n - 13 + 0*n**2. Calculate z(1).
-9
Let w = -15 + 7. Let y be ((-1)/4)/((-2)/w). Let v be (-6 - (-6 - y))*(-6)/(-2). Let q(n) = n**3 - 2*n + 2. Determine q(v).
-19
Let u(t) = 3*t**3 + 6*t - 5. Let r(n) = n**3 - 22*n**2 + 18*n + 65. Let q be r(21). Calculate u(q).
31
Let p = 5668 + -5667. Let n(t) = -15*t**2 - 4*t + 2. Give n(p).
-17
Let y(a) = 2*a**2 + 3*a - 4. Suppose -3*d + f + 6 = 0, f - 1 - 8 = -2*d. Let j be y(d). Suppose 0 = 8*u - 17 - j. Let r(o) = -3*o + 5. What is r(u)?
-10
Suppose 17*y + 2 - 36 = 0. Let j(o) = -o + 3 + 4*o**2 + o**y - 6*o**2. Determine j(-3).
-3
Suppose 0 = -q - 3*t + 22, -7 = 4*q - 5*t - 10. Let w(p) = p**3 - 8*p**2 + 8*p - 2. Calculate w(q).
5
Let q(f) = -10*f - 10 + 5*f + 4*f. Let z = 209 + -107. Suppose 7*b = -10*b - z. Calculate q(b).
-4
Let z(s) be the first derivative of -s**4/6 - 8*s**2 - 71. Let x(m) be the second derivative of z(m). Calculate x(6).
-24
Let s(i) = -i - 10. Let c = -24 - -7. Let z be s(c). Suppose -z*b + 17 = -4. Let a(f) = -f. What is a(b)?
-3
Let u(a) = 10*a**3 - 3*a**2 - 30*a - 17. Let w(d) = -d**3 + d**2 + 3*d + 1. Let q(o) = -u(o) - 9*w(o). Give q(-8).
112
Let l(x) = x**2 - 8*x - 4. Let q = -72 - -74. Let g(j) = 0 + 3 + j**3 + 14*j + 1 - 9*j**q. Let w be g(7). Determine l(w).
-20
Let h(l) = 67*l - 592. Let u(c) = -29*c + 254. Let t(d) = 7*h(d) + 16*u(d). Calculate t(19).
15
Let q = 728 - 734. Let z(d) = 6*d**3 - 14*d**2 - 12*d - 6. Let n(g) = -5*g**3 + 13*g**2 + 11*g + 5. Let b(k) = 7*n(k) + 6*z(k). Determine b(q).
5
Let m(p) = -3*p. Let k(j) be the third derivative of 7*j**4/24 - 13*j**2 - j. Let h(g) = 4*g**2 + g. Let s be h(1). Let c(r) = s*m(r) + 2*k(r). Give c(0).
0
Let h(z) be the second derivative of -z**4/24 + z**3/6 - 57*z**2/2 + 16*z. Let o(q) be the first derivative of h(q). Give o(-7).
8
Let h(l) = 14*l**2 + 1. Let m(y) = -28*y + 7. Let x be m(-2). Let d be ((-405)/x)/5 - (-2)/7. Determine h(d).
15
Let y(m) = 0*m + 12 + 0*m + m. Suppose -120451*h + 594 = -120550*h. What is y(h)?
6
Let n = -7 - -1. Let d(p) = -p**3 + 9417 - 2*p**2 - 4*p**2 - 6*p**3 - 9415 - p + 6*p**3. What is d(n)?
8
Let v(q) be the second derivative of -q**3 - 115*q**2/2 + 65*q. Let p be v(-18). Let d(l) be the first derivative of -l**3/3 - 7*l**2/2 - 2*l + 1. Give d(p).
-2
Let g be (7 - 0) + (-39)/3. Let j(x) = 7*x**3 - 3*x + 4. Let q(d) = -d**3 + d - 1. Let h(l) = g*q(l) - j(l). Give h(2).
-12
Let x(l) = -l**2 + 2*l + 3*l**2 + 0*l**2 - 3*l**2. Let q(h) = 88*h + 7924. Let z be q(-90). What is x(z)?
-8
Let a(x) = 13*x**2 + x - 7. Let z(y) = -36*y**2 - 2*y + 20. Let b(g) = -11*a(g) - 4*z(g). Suppose 13*h - 5 = 16*h - q, q = -4. What is b(h)?
15
Let t(n) = -4*n**2 - 1. Let h(v) be the second derivative of 4*v**3/3 - 53*v**2 + 233*v. Let b be h(13). Calculate t(b).
-17
Let r(p) = 17*p**2 + 11*p + 24. Let n(b) = 3*b**2 + b + 2. Let o(h) = 6*n(h) - r(h). Give o(-2).
2
Let f(j) = -2*j**2 - 39*j + 5. Let l(s) = 11*s**2 + 215*s - 18. Let v(b) = 27*f(b) + 5*l(b). Calculate v(-22).
45
Let j(k) = k + 7. Suppose 0 = -49*d + 51 + 145. Suppose d*a = 5*r - 47, -7 = 4*a - 2*r + 31. What is j(a)?
-1
Let l(n) be the second derivative of n**3/2 - n**2/2 - 2*n. Suppose -27 = 216*y - 154 - 521. Give l(y).
8
Let s(p) = 21*p**2 - 4*p - 13 - 22*p**2 + 14*p. Let b(h) = -20*h + 269. Let q be b(13). Determine s(q).
-4
Let u(c) be the second derivative of -3*c**4 + c**3/3 + c**2/2 - 19*c + 17. What is u(-1)?
-37
Let b(k) = -337*k + 1695. Let y be b(5). Let h(l) = -l**3 + 9*l**2 + 9*l + 19. Calculate h(y).
9
Let h(q) = -30*q - 139. Let r be h(-5). Let d be 5 + (-1 - r) + 2. Let u(g) = g**2 - 3. Determine u(d).
22
Let z(k) be the first derivative of 3*k + 79. Let c(j) = j + 4. Let q(d) = c(d) + z(d). What is q(-4)?
3
Let k = -357 + 365. Suppose 5*m - 9*z + 18 = -k*z, 2*m - z = -6. Let v(n) = 5*n + 7. Let j(c) = -6*c - 8. Let f(a) = 4*j(a) + 5*v(a). Determine f(m).
-1
Suppose 4*n + 19*a = 16*a + 19, -3*n - 2*a = -16. Let u(r) = 0*r - 4 + 12 - 2*r + 21. Give u(n).
9
Let a(n) be the second derivative of n**3/2 + 3*n**2 + 528*n. What is a(-9)?
-21
Let v(y) = 9*y**2 - 9*y - 8. Let w(n) = 2*n - 1. Let f(c) = 10*c**2 - 16*c - 6. Let q(t) = f(t) + 3*w(t). Let a(g) = 6*q(g) - 7*v(g). Give a(-1).
-4
Let f(g) = 5*g. Let p(n) = n**2 + 16*n - 60. Let q(v) = 3*f(v) - p(v). Give q(0).
60
Let i(k) = k**3 + k**2 - k + 2. Let g(a) = a - 28. Let z be g(-6). Let r = z - -80. Let c = r - 46. Determine i(c).
2
Let t(y) = -y**2 + 5*y - 6. Let m(f) = -2*f**2 + 70*f + 2. Let o be m(35). Suppose -o*g - 2*b = -g + 6, 10 = -2*b. Give t(g).
-2
Let m(o) = o**3 + 11*o**2 + o + 3. Let r be m(-11). Let n(s) be the third derivative of s**5/60 + 3*s**4/8 + 2505*s**2. Give n(r).
-8
Let m = 2488 - 2487. Let f(x) = 71*x + 5. Let k(t) = -18*t - 1. Let p(h) = -2*f(h) - 9*k(h). What is p(m)?
19
Suppose r - 17*s + 21*s + 17 = 0, 2*s - 4 = 0. Let u(n) = n + 17. Give u(r).
-8
Let l be 13*(-1)/1 + 4. Let h(g) = 2*g**2 - 2*g - 1. Let y(k) = -9*k**2 + 22*k + 26. Let j(s) = 5*h(s) + y(s). Calculate j(l).
-6
Let t(q) = 11*q - 15. Let g be t(-4). Let h = g + 68. Suppose -3*k = -h - 6. Let v(d) = -d**2 + d + 5. Give v(k).
-15
Let f(n) = n + 3. Let v = -64 + 56. Let p be v/(-4) + -47 + -4. Let o = p + 43. Give f(o).
-3
Let l = -16 - -21. Let n be (-16)/(1 - l) + 1. Let x(p) be the third derivative of -p**6/120 + p**5/12 - p**4/24 + p**3/6 - 2*p**2. Calculate x(n).
-4
Let i(f) = 4*f + 2. Let k(j) = 4*j - 19. Suppose -2*g + 1 + 7 = 0. Let n be k(g). Determine i(n).
-10
Suppose 14*s - 959 = -875. Let t(k) = 6*k - 1 + 0*k - s*k - k. Determine t(11).
-12
Let c be (4/(-2))/((-1)/(-2)). Let d(z) = -38*z**2 - 33*z + 1064. Let b(g) = -7*g**2 - 6*g + 197. Let j(s) = 27*b(s) - 5*d(s). Calculate j(c).
3
Let p be 0*(3 + (2 - 6))*(-12 - -13). Let t(b) be the third derivative of 0*b**5 + p*b + 0*b**4 + 0 - 2*b**2 + 1/30*b**6 + 1/6*b**3. Calculate t(1).
5
Let p(l) = 2*l**3 - 2*l**2 + 2*l - 1. Let z(n) = -7*n - 20. Let g(h) = -h + 1. Let b be g(-2). Suppose -5*w - 18 + b = 0. Let c be z(w). Calculate p(c).
1
Let a be (8 - -1)*2/18*-9. Let y(m) = m**3 + 8*m**2 - 10*m - 7. Let g be y(a). Let o(s) = 3*s**2 + 2*s - 2. Determine o(g).
14
Let v be (2 - (-9)/6)/(2/4). Let c(l) = 9*l**2 - 17*l + 6. Let t(m) = 16*m**2 - 31*m + 11. Let r(x) = v*c(x) - 4*t(x). What is r(7)?
-16
Let r be (-8)/2*1275/(-1700). Let g(w) = -w**2 + 1. Give g(r).
-8
Suppose -o + 5*h = -2 - 0, -5*o + 91 = 2*h. Let q(s) = o + s + 0*s - 22 + s. Let w(g) = -2*g + 3. Let m(n) = -5*q(n) - 8*w(n). What is m(1)?
7
Let d(a) = -6 + 20 + 7*a - 13 - 10. Let s(o) = 20*o - 26. Let f(j) = 17*d(j) - 6*s(j). Give f(-5).
8
Let v(s) be the third derivative of -s**6/120 - 17*s**5/60 - 13*s**4/24 + 47*s**3/6 + 2315*s**2. Give v(-16).
-1
Let m(k) be the second derivative of -k**3/6 - 5*k**2/2 - 34*k. Let i be (-123)/246*(0/(-1) - -16). Determine m(i).
3
Let a = -84 + 76. Suppose 5*i - 18 = 2. Let t(w) = -i*w**3 + 3*w**3 - 7*w - 2 + 16*w - 7*w**2. Calculate t(a).
-10
Let i(x) = -x**3 - 26*x**2 + 27*x + 2. Let m be (-105)/4 - 120/160. Give i(m).
2
Let p(s) = s**3 + 18*s**2 + 13*s - 83. Let b be p(-17). Let i(d) = d**2 + 10*d - 56. Calculate i(b).
19
Let c(k) = -k - 5*k + 4*k - 15. Let o be c(-5). Let l(u) be the first derivative of u**3/3 + 3*u**2/2 - 2*u + 2. Give l(o).
8
Let y(v) = -4*v**2 - v + 14. Let p(s) = -2*s**2 + 4. Let c(o) = p(o) - y(o). Calculate c(3).
11
Let f(t) = t**3 + 2*t**2 + 0*t**2 - 5*t**2 - 3*t. Let a = -119 + 113. Let q(u) = u**2 + 11*u + 34. Let z be q(a). Calculate f(z).
4
Suppose 3*c = -3*c - 24. Let o(b) = -188 + 3*b**2 + 3*b + 95 + 96. What is o(c)?
39
Let i(u) = -u**3 + 10*u**2 + 9*u + 16. Let k be 3/(12/55)*(-5 + 1). Let w = k - -32. Let r = -12 - w. Calculate i(r).
-6
Let g = -10176 + 10173. Let o(b) be the third derivative of -b**7/5040 + b**6/240 - b**5/60 + b**2. Let y(l) be the third derivative of o(l). 